 Calculate the highest common divisor of 135 and b.
27
Let r = -10 - -31. Suppose -3*j - 3*g = -93, 4*j + 4*g = g + 123. Let m = 37 - j. Calculate the highest common divisor of m and r.
7
Suppose 4*n - 147 = 2*n + 5*c, 5*c - 219 = -4*n. Let g = n - 41. Let w = 30 - g. What is the greatest common factor of w and 90?
10
Let q = 178 + -163. What is the greatest common factor of q and 65?
5
Suppose -6*i + 4*i = -3*k - 855, -3*i + 1280 = -4*k. Calculate the highest common divisor of i and 30.
30
Suppose -b + 0 + 5 = 0. Suppose -3*q = -2*w - 438, -q + 163 - 34 = b*w. Calculate the highest common factor of 16 and q.
16
Let c(h) = 5*h**2 + 2*h - 9 + 18 - 8. Let r be c(-1). Suppose -b + 2 = -r. What is the greatest common divisor of b and 15?
3
Let g = 22 - 25. Let r(t) = -2*t + 6. Let o(y) = -y**2 - 6*y + 17. Let f(k) = -3*o(k) + 8*r(k). Let c be f(g). What is the greatest common divisor of 6 and c?
6
Suppose 0 = 11*m - 10*m - 399. Calculate the highest common factor of 57 and m.
57
Let l = 11 + -6. Suppose -5*b - k = -3 - 17, -3*k - 40 = -l*b. Suppose -5*r - 3*h = 50 - 154, -b*h = r - 12. Calculate the highest common divisor of r and 2.
2
Suppose -9*v + 2730 = -2265. Calculate the greatest common factor of v and 10.
5
Let g(i) = -2*i - 4*i**2 - 4 - 2*i + i - 2*i**3 + 5. Let k be g(-2). What is the greatest common factor of k and 56?
7
Suppose 219 = -0*y + y - w, -6*w = -5*y + 1099. What is the greatest common divisor of 731 and y?
43
Let q(y) = -11*y + 55. Let b be q(0). Calculate the highest common divisor of 10 and b.
5
Suppose -7*u = -3*u - 36. Suppose -4*n = 5*c + 12 + 9, 22 = 2*n - 4*c. Let z be (27/n)/(-1)*-3. What is the highest common divisor of u and z?
9
Suppose -5*z + 4*b = 1, 4*b = 4*z + 3*b - 8. Suppose 0*q - 351 = -z*q. Suppose -7*i + q = -9. Calculate the highest common divisor of 12 and i.
6
Let o = 36 + -29. Let u(n) = -n**3 + 7*n**2 + n - 4. Let m be u(o). What is the highest common factor of 3 and m?
3
Suppose 4*r - 14 = 4*w - 3*w, -2*w + 5*r - 16 = 0. Let d = w + 8. Let a = 193 + -178. Calculate the greatest common factor of a and d.
5
Let r(x) = -11*x - 11. Let f(h) = 33*h + 33. Let g(q) = 6*f(q) + 17*r(q). Let p be g(14). What is the greatest common factor of 15 and p?
15
Suppose -a = 5*v - 110, 0 = -2*v - v + 3. Suppose -f = -2*i + 43 - 118, 2*f + 5*i = a. What is the greatest common factor of f and 26?
13
Let q(r) = 4*r**2 - 27*r + 14. Let w be q(10). What is the greatest common divisor of 64 and w?
16
Let g(q) = q + 7. Let r be g(-6). Let w be 3*(r/(-1))/3. Let c be 2 - (-1 + 9)*w. What is the greatest common divisor of 50 and c?
10
Let u = 923 - 888. Let n(l) = -l**3 + 5*l**2 + 7*l. Let v be n(5). Suppose -3*y + 7 = -v. Calculate the highest common divisor of y and u.
7
Let v be 1079/39 - 1/(-3). Calculate the highest common divisor of 12 and v.
4
Suppose -4*l - 4*j + 776 = 0, -8*l + 6*l - 3*j + 392 = 0. Calculate the highest common factor of l and 38.
38
Let u(p) = -3*p - 63. Let k be u(-21). Let r(a) = a**3 - a**2 - 2*a + 8. Let n be r(k). What is the greatest common factor of 8 and n?
8
Let x(y) = 2*y + 16. Let o(i) = -1. Let z(c) = o(c) + x(c). Let r be z(-12). Let w(a) = -2*a - 2. Let f be w(r). What is the highest common divisor of f and 8?
8
Suppose 34*a = 656 + 704. Calculate the highest common divisor of a and 380.
20
Suppose 0 = 15*n - 2506 + 76. What is the greatest common factor of 24 and n?
6
Suppose 1940 = -28*r + 8*r. Let y = r - -261. What is the highest common divisor of 41 and y?
41
Suppose -5*g + 520 = -10. Suppose g*d - 40 = 104*d. Calculate the greatest common factor of d and 30.
10
Let y(r) be the third derivative of -r**6/120 - r**5/30 - r**4/6 + 2*r**3/3 - 13*r**2. Let o be y(-3). What is the highest common factor of o and 100?
25
Let c(p) = p**3 + 2*p**2 - 42*p + 3. Let h be c(0). Let k(r) = r - 1. Let a be k(4). Calculate the highest common factor of a and h.
3
Suppose 0 = 4*q - y - 6018, -4*y = y + 10. Calculate the highest common divisor of q and 47.
47
Let q = 220 + -209. Let f(v) = 6*v**2 - 3*v + 2. Let i be f(-3). Suppose 6*z - q*z = -i. Calculate the greatest common factor of 104 and z.
13
Suppose 0 = 26*n - 32*n + 132. Calculate the highest common divisor of 220 and n.
22
Suppose -11*t = -17*t + 3300. What is the greatest common factor of t and 150?
50
Suppose 129*s - 154*s = -21125. What is the highest common factor of 260 and s?
65
Let u be (-3)/((-11)/4 - -2). Suppose t + 0 - u = 0. Let q be 2/t - 15/(-2). What is the highest common divisor of q and 64?
8
Suppose -27 - 24 = -5*y - r, y = 2*r + 19. Calculate the highest common factor of y and 693.
11
Let x = 227 + -135. Let s = -41 + x. Calculate the highest common factor of 34 and s.
17
Let d(v) = -140*v - 1 + 19*v - 182*v + 22*v. Let s be d(-1). What is the highest common factor of s and 40?
40
Let v be (3/(-9))/((-3)/(-18)). Let a be 1/v*312/(-4). Calculate the highest common factor of a and 26.
13
Let m be (-8 - -10) + 5 + 0. Suppose 0 = 8*z + m*z - 945. Calculate the highest common divisor of z and 7.
7
Let y = 7 - 7. Suppose 5*g = -8*t + 5*t - 5, 3*t - g = 19. Suppose 3*v - 123 = 5*r, y*v = -t*v + 5*r + 195. Calculate the greatest common divisor of v and 24.
12
Let i be ((2 - -18)*-10)/(5/(-5)). Let w = i - 140. Calculate the greatest common divisor of w and 12.
12
Suppose 0 = -10*d + 14*d + 4*m - 56, m = 5*d - 40. Suppose -4*r - 125 = -4*t + 135, -2*t = -4*r - 134. Calculate the highest common divisor of t and d.
9
Let a(v) = -37*v - 27. Let f be a(-14). Suppose f = 3*j + 179. Calculate the greatest common divisor of j and 13.
13
Let n be (-123526)/(-78) + (-2)/(-6). What is the highest common factor of n and 66?
66
Suppose 0 = 2*f + 2*k - 410, 5 = f - k - 206. What is the greatest common divisor of f and 156?
52
Let y(u) = 4*u**2 - 3*u - 1. Let r be 10/(-6) - 6/(-9). Let n be y(r). Let x be 45/(-3)*(-8)/n. What is the greatest common divisor of x and 5?
5
Suppose -2*j + 11 = 3*v, 14*j - 11*j = v + 33. Calculate the greatest common divisor of 20 and j.
10
Suppose 32*u - 58136 = -11*u. What is the highest common divisor of u and 8?
8
Suppose 3*m - 12997 = -5*g, 0 = 3*g - 4*m - 3096 - 4679. What is the highest common factor of g and 49?
49
Let q(v) = v**3 + 6. Let u(b) = -b**3 - 1. Let h(c) = q(c) + 2*u(c). Let l be h(0). What is the highest common factor of 32 and l?
4
Suppose -3*n - 189 = -501. What is the highest common divisor of n and 13?
13
Let d = 2 + 46. Let s = d + 17. Calculate the highest common factor of s and 13.
13
Let n be 0 - 3 - (-12 + 1). Let q = n - 4. Suppose -4*t = -q*r + 8, -2*r + 4*r + 3*t - 9 = 0. What is the highest common divisor of r and 3?
3
Let h be 2/(-6) - 3/((-63)/196). What is the highest common factor of h and 9?
9
Let k be 2 + -4 + (-3 - (-1 - 2)). Let l = 1 + -3. Let h be (l + k - -18) + 0. What is the greatest common factor of 14 and h?
14
Let d = 992 + -532. Calculate the highest common factor of 5 and d.
5
Suppose -261 = i + 4*i + 3*x, -2*i = -4*x + 94. Let p = i - -76. Calculate the highest common divisor of p and 50.
25
Let f be (18/15)/((-6)/(-140)). Let i(n) = -n**2 + 5*n + 3. Let r be i(4). Calculate the greatest common factor of r and f.
7
Let d(s) = 3*s + 32. Let r be d(-9). Calculate the highest common divisor of 15 and r.
5
Suppose -2*v - 84 = 2*v. Let i = -13 - v. Suppose 463 = -3*d + 487. Calculate the highest common factor of i and d.
8
Let r be 12 + ((-1)/(-1))/(-1). Let t be 4/(-14) + 55924/77. Suppose -8*a + t = -2*a. What is the highest common factor of r and a?
11
Let x(u) = -70*u - 3 + 29*u - 52*u. Let o be x(-1). What is the highest common factor of 18 and o?
18
Suppose -x + 44 + 99 = 0. What is the highest common divisor of 11 and x?
11
Let d be (10900/30)/(3/9). Suppose -4*s + d = 5*w, s + 85 = -w + 358. What is the highest common divisor of 25 and s?
25
Let r be (-3)/6*6 + 21. Let n be (-7 + 6)*5 - -149. What is the greatest common factor of r and n?
18
Let l = -23 + 17. Let u(x) = x**3 + 6*x**2 - 3*x - 15. Let h be u(l). Suppose -2*z + 12 = -z. Calculate the greatest common divisor of h and z.
3
Let x be (-15)/(-2)*(-16)/(-20). Let g = x - 14. Let z = 25 + g. Calculate the greatest common factor of 34 and z.
17
Let t(h) = -8*h - 22. Let s be t(11). Let a = s + 190. Calc